CRAN Package Check Results for Package argonR

Last updated on 2025-04-30 04:49:59 CEST.

Flavor Version Tinstall Tcheck Ttotal Status Flags
r-devel-linux-x86_64-debian-clang 0.2.0 3.67 29.54 33.21 OK
r-devel-linux-x86_64-debian-gcc 0.2.0 2.54 22.95 25.49 OK
r-devel-linux-x86_64-fedora-clang 0.2.0 52.15 OK
r-devel-linux-x86_64-fedora-gcc 0.2.0 61.52 OK
r-devel-windows-x86_64 0.2.0 5.00 54.00 59.00 OK
r-patched-linux-x86_64 0.2.0 4.37 27.62 31.99 OK
r-release-linux-x86_64 0.2.0 3.30 27.35 30.65 OK
r-release-macos-arm64 0.2.0 36.00 OK
r-release-macos-x86_64 0.2.0 59.00 OK
r-release-windows-x86_64 0.2.0 7.00 62.00 69.00 OK
r-oldrel-macos-arm64 0.2.0 25.00 NOTE
r-oldrel-macos-x86_64 0.2.0 45.00 NOTE
r-oldrel-windows-x86_64 0.2.0 7.00 62.00 69.00 NOTE

Check Details

Version: 0.2.0
Check: LazyData
Result: NOTE 'LazyData' is specified without a 'data' directory Flavors: r-oldrel-macos-arm64, r-oldrel-macos-x86_64, r-oldrel-windows-x86_64