CRAN Package Check Results for Package argosfilter

Last updated on 2025-04-30 04:49:59 CEST.

Flavor Version Tinstall Tcheck Ttotal Status Flags
r-devel-linux-x86_64-debian-clang 0.70 1.82 28.82 30.64 NOTE
r-devel-linux-x86_64-debian-gcc 0.70 1.57 20.51 22.08 OK
r-devel-linux-x86_64-fedora-clang 0.70 48.99 OK
r-devel-linux-x86_64-fedora-gcc 0.70 47.07 OK
r-devel-windows-x86_64 0.70 3.00 51.00 54.00 OK
r-patched-linux-x86_64 0.70 1.92 27.49 29.41 OK
r-release-linux-x86_64 0.70 2.05 27.31 29.36 OK
r-release-macos-arm64 0.70 17.00 OK
r-release-macos-x86_64 0.70 32.00 OK
r-release-windows-x86_64 0.70 3.00 55.00 58.00 OK
r-oldrel-macos-arm64 0.70 23.00 OK
r-oldrel-macos-x86_64 0.70 26.00 OK
r-oldrel-windows-x86_64 0.70 4.00 50.00 54.00 OK

Check Details

Version: 0.70
Check: examples
Result: NOTE Examples with CPU (user + system) or elapsed time > 5s user system elapsed sdafilter 5.658 0 6.918 Flavor: r-devel-linux-x86_64-debian-clang