Last updated on 2025-04-30 04:49:59 CEST.
Flavor | Version | Tinstall | Tcheck | Ttotal | Status | Flags |
---|---|---|---|---|---|---|
r-devel-linux-x86_64-debian-clang | 0.3.5 | 7.43 | 65.93 | 73.36 | OK | |
r-devel-linux-x86_64-debian-gcc | 0.3.5 | 4.88 | 47.33 | 52.21 | OK | |
r-devel-linux-x86_64-fedora-clang | 0.3.5 | 114.04 | OK | |||
r-devel-linux-x86_64-fedora-gcc | 0.3.5 | 123.75 | OK | |||
r-devel-windows-x86_64 | 0.3.5 | 9.00 | 80.00 | 89.00 | OK | |
r-patched-linux-x86_64 | 0.3.5 | 6.96 | 59.83 | 66.79 | OK | |
r-release-linux-x86_64 | 0.3.5 | 6.53 | 60.13 | 66.66 | OK | |
r-release-macos-arm64 | 0.3.5 | 50.00 | OK | |||
r-release-macos-x86_64 | 0.3.5 | 73.00 | OK | |||
r-release-windows-x86_64 | 0.3.5 | 8.00 | 78.00 | 86.00 | OK | |
r-oldrel-macos-arm64 | 0.3.5 | 40.00 | NOTE | |||
r-oldrel-macos-x86_64 | 0.3.5 | 70.00 | NOTE | |||
r-oldrel-windows-x86_64 | 0.3.5 | 11.00 | 91.00 | 102.00 | NOTE |
Version: 0.3.5
Check: LazyData
Result: NOTE
'LazyData' is specified without a 'data' directory
Flavors: r-oldrel-macos-arm64, r-oldrel-macos-x86_64, r-oldrel-windows-x86_64