Last updated on 2025-04-30 04:49:59 CEST.
Flavor | Version | Tinstall | Tcheck | Ttotal | Status | Flags |
---|---|---|---|---|---|---|
r-devel-linux-x86_64-debian-clang | 0.0.18 | 2.97 | 199.47 | 202.44 | OK | |
r-devel-linux-x86_64-debian-gcc | 0.0.18 | 2.15 | 142.33 | 144.48 | OK | |
r-devel-linux-x86_64-fedora-clang | 0.0.18 | 308.36 | OK | |||
r-devel-linux-x86_64-fedora-gcc | 0.0.18 | 354.11 | OK | |||
r-devel-windows-x86_64 | 0.0.18 | 5.00 | 252.00 | 257.00 | OK | |
r-patched-linux-x86_64 | 0.0.18 | 3.38 | 197.06 | 200.44 | OK | |
r-release-linux-x86_64 | 0.0.18 | 2.87 | 196.93 | 199.80 | OK | |
r-release-macos-arm64 | 0.0.18 | 133.00 | OK | |||
r-release-macos-x86_64 | 0.0.18 | 242.00 | OK | |||
r-release-windows-x86_64 | 0.0.18 | 5.00 | 253.00 | 258.00 | OK | |
r-oldrel-macos-arm64 | 0.0.18 | 112.00 | OK | |||
r-oldrel-macos-x86_64 | 0.0.18 | 205.00 | NOTE | |||
r-oldrel-windows-x86_64 | 0.0.18 | 4.00 | 292.00 | 296.00 | OK |
Version: 0.0.18
Check: package dependencies
Result: NOTE
Package suggested but not available for checking: ‘arrow’
Flavor: r-oldrel-macos-x86_64
Version: 0.0.18
Check: Rd cross-references
Result: NOTE
Package unavailable to check Rd xrefs: ‘arrow’
Flavor: r-oldrel-macos-x86_64