Last updated on 2025-04-30 04:49:59 CEST.
Flavor | Version | Tinstall | Tcheck | Ttotal | Status | Flags |
---|---|---|---|---|---|---|
r-devel-linux-x86_64-debian-clang | 3.3.1 | 26.17 | 171.88 | 198.05 | NOTE | |
r-devel-linux-x86_64-debian-gcc | 3.3.1 | 19.29 | 108.15 | 127.44 | NOTE | |
r-devel-linux-x86_64-fedora-clang | 3.3.1 | 342.13 | OK | |||
r-devel-linux-x86_64-fedora-gcc | 3.3.1 | 290.77 | OK | |||
r-devel-windows-x86_64 | 3.3.1 | 28.00 | 198.00 | 226.00 | NOTE | |
r-patched-linux-x86_64 | 3.3.1 | 30.24 | 161.27 | 191.51 | NOTE | |
r-release-linux-x86_64 | 3.3.1 | 24.96 | 158.61 | 183.57 | NOTE | |
r-release-macos-arm64 | 3.3.1 | 117.00 | OK | |||
r-release-macos-x86_64 | 3.3.1 | 165.00 | OK | |||
r-release-windows-x86_64 | 3.3.1 | 29.00 | 189.00 | 218.00 | NOTE | |
r-oldrel-macos-arm64 | 3.3.1 | 72.00 | NOTE | |||
r-oldrel-macos-x86_64 | 3.3.1 | 119.00 | NOTE | |||
r-oldrel-windows-x86_64 | 3.3.1 | 36.00 | 229.00 | 265.00 | NOTE |
Version: 3.3.1
Check: Rd cross-references
Result: NOTE
Found the following Rd file(s) with Rd \link{} targets missing package
anchors:
writeDataFrame.AromaUnitSignalBinaryFile.Rd: TabularTextFile
writeDataFrame.AromaUnitSignalBinarySet.Rd: TabularTextFileSet
writeDataFrame.AromaUnitTabularBinaryFile.Rd: TabularTextFile
Please provide package anchors for all Rd \link{} targets not in the
package itself and the base packages.
Flavors: r-devel-linux-x86_64-debian-clang, r-devel-linux-x86_64-debian-gcc, r-devel-windows-x86_64, r-patched-linux-x86_64, r-release-linux-x86_64, r-release-windows-x86_64
Version: 3.3.1
Check: package dependencies
Result: NOTE
Packages suggested but not available for checking:
'sfit', 'expectile', 'HaarSeg', 'mpcbs'
Flavors: r-oldrel-macos-arm64, r-oldrel-macos-x86_64, r-oldrel-windows-x86_64