Last updated on 2025-04-30 04:49:59 CEST.
Flavor | Version | Tinstall | Tcheck | Ttotal | Status | Flags |
---|---|---|---|---|---|---|
r-devel-linux-x86_64-debian-clang | 19.0.1.1 | 3480.23 | 244.60 | 3724.83 | OK | |
r-devel-linux-x86_64-debian-gcc | 19.0.1.1 | 2677.12 | 161.92 | 2839.04 | OK | |
r-devel-linux-x86_64-fedora-clang | 19.0.1.1 | 6608.48 | OK | |||
r-devel-linux-x86_64-fedora-gcc | 19.0.1.1 | 6126.40 | OK | |||
r-devel-windows-x86_64 | 19.0.1.1 | 490.00 | 582.00 | 1072.00 | OK | |
r-patched-linux-x86_64 | 19.0.1.1 | 3750.94 | 238.98 | 3989.92 | OK | |
r-release-linux-x86_64 | 19.0.1.1 | 3721.82 | 241.50 | 3963.32 | OK | |
r-release-macos-arm64 | 19.0.1.1 | 774.00 | OK | |||
r-release-macos-x86_64 | 19.0.1.1 | 1680.00 | OK | |||
r-release-windows-x86_64 | 19.0.1.1 | 501.00 | 597.00 | 1098.00 | OK | |
r-oldrel-macos-arm64 | 19.0.1.1 | 977.00 | NOTE | |||
r-oldrel-macos-x86_64 | 19.0.1.1 | 1701.00 | NOTE | |||
r-oldrel-windows-x86_64 | 19.0.1.1 | 559.00 | 809.00 | 1368.00 | NOTE |
Version: 19.0.1.1
Check: installed package size
Result: NOTE
installed size is 115.9Mb
sub-directories of 1Mb or more:
R 5.1Mb
libs 110.3Mb
Flavors: r-oldrel-macos-arm64, r-oldrel-macos-x86_64, r-oldrel-windows-x86_64