Last updated on 2025-11-03 03:49:34 CET.
| Flavor | Version | Tinstall | Tcheck | Ttotal | Status | Flags |
|---|---|---|---|---|---|---|
| r-devel-linux-x86_64-debian-clang | 0.1-8 | 10.83 | 90.32 | 101.15 | NOTE | |
| r-devel-linux-x86_64-debian-gcc | 0.1-8 | 7.62 | 66.11 | 73.73 | NOTE | |
| r-devel-linux-x86_64-fedora-clang | 0.1-8 | 42.00 | 121.42 | 163.42 | OK | |
| r-devel-linux-x86_64-fedora-gcc | 0.1-8 | 19.00 | 127.81 | 146.81 | OK | |
| r-devel-windows-x86_64 | 0.1-8 | 11.00 | 97.00 | 108.00 | OK | |
| r-patched-linux-x86_64 | 0.1-8 | 10.69 | 86.80 | 97.49 | OK | |
| r-release-linux-x86_64 | 0.1-8 | 10.08 | 86.13 | 96.21 | OK | |
| r-release-macos-arm64 | 0.1-8 | 7.00 | 45.00 | 52.00 | OK | |
| r-release-macos-x86_64 | 0.1-8 | 11.00 | 92.00 | 103.00 | OK | |
| r-release-windows-x86_64 | 0.1-8 | 11.00 | 93.00 | 104.00 | OK | |
| r-oldrel-macos-arm64 | 0.1-8 | 5.00 | 41.00 | 46.00 | OK | |
| r-oldrel-macos-x86_64 | 0.1-8 | 8.00 | 58.00 | 66.00 | OK | |
| r-oldrel-windows-x86_64 | 0.1-8 | 15.00 | 116.00 | 131.00 | OK |
Version: 0.1-8
Check: CRAN incoming feasibility
Result: NOTE
Maintainer: ‘Michael Hahsler <mhahsler@lyle.smu.edu>’
The BugReports field in DESCRIPTION has
https://github.com/mhahsler/arulesNBMiner
which should likely be
https://github.com/mhahsler/arulesNBMiner/issues
instead.
Flavors: r-devel-linux-x86_64-debian-clang, r-devel-linux-x86_64-debian-gcc