Last updated on 2025-02-22 05:51:29 CET.
Flavor | Version | Tinstall | Tcheck | Ttotal | Status | Flags |
---|---|---|---|---|---|---|
r-devel-linux-x86_64-debian-clang | 0.2-31 | 32.40 | 135.07 | 167.47 | OK | |
r-devel-linux-x86_64-debian-gcc | 0.2-31 | 21.88 | 95.96 | 117.84 | OK | |
r-devel-linux-x86_64-fedora-clang | 0.2-31 | 297.25 | OK | |||
r-devel-linux-x86_64-fedora-gcc | 0.2-31 | 274.27 | OK | |||
r-devel-macos-arm64 | 0.2-31 | 79.00 | OK | |||
r-devel-macos-x86_64 | 0.2-31 | 141.00 | OK | |||
r-devel-windows-x86_64 | 0.2-31 | 44.00 | 154.00 | 198.00 | OK | |
r-patched-linux-x86_64 | 0.2-31 | 33.01 | 126.71 | 159.72 | OK | |
r-release-linux-x86_64 | 0.2-31 | 32.22 | 125.30 | 157.52 | OK | |
r-release-macos-arm64 | 0.2-31 | 86.00 | OK | |||
r-release-macos-x86_64 | 0.2-31 | 215.00 | OK | |||
r-release-windows-x86_64 | 0.2-31 | 44.00 | 145.00 | 189.00 | NOTE | |
r-oldrel-macos-arm64 | 0.2-31 | 109.00 | OK | |||
r-oldrel-macos-x86_64 | 0.2-31 | 157.00 | OK | |||
r-oldrel-windows-x86_64 | 0.2-31 | 39.00 | 184.00 | 223.00 | NOTE |
Version: 0.2-31
Check: installed package size
Result: NOTE
installed size is 14.4Mb
sub-directories of 1Mb or more:
bin 11.3Mb
misc 2.1Mb
Flavors: r-release-windows-x86_64, r-oldrel-windows-x86_64