Last updated on 2025-04-30 04:49:59 CEST.
Flavor | Version | Tinstall | Tcheck | Ttotal | Status | Flags |
---|---|---|---|---|---|---|
r-devel-linux-x86_64-debian-clang | 1.0.0 | 4.00 | 25.52 | 29.52 | NOTE | |
r-devel-linux-x86_64-debian-gcc | 1.0.0 | 3.07 | 19.48 | 22.55 | NOTE | |
r-devel-linux-x86_64-fedora-clang | 1.0.0 | 44.02 | NOTE | |||
r-devel-linux-x86_64-fedora-gcc | 1.0.0 | 43.50 | NOTE | |||
r-devel-windows-x86_64 | 1.0.0 | 6.00 | 55.00 | 61.00 | NOTE | |
r-patched-linux-x86_64 | 1.0.0 | 5.32 | 24.45 | 29.77 | NOTE | |
r-release-linux-x86_64 | 1.0.0 | 4.69 | 24.56 | 29.25 | NOTE | |
r-release-macos-arm64 | 1.0.0 | 21.00 | NOTE | |||
r-release-macos-x86_64 | 1.0.0 | 35.00 | NOTE | |||
r-release-windows-x86_64 | 1.0.0 | 5.00 | 52.00 | 57.00 | NOTE | |
r-oldrel-macos-arm64 | 1.0.0 | 26.00 | NOTE | |||
r-oldrel-macos-x86_64 | 1.0.0 | 28.00 | NOTE | |||
r-oldrel-windows-x86_64 | 1.0.0 | 6.00 | 54.00 | 60.00 | NOTE |
Version: 1.0.0
Check: Rd files
Result: NOTE
checkRd: (-1) breast_cancer_clean_features.Rd:45: Escaped LaTeX specials: \&
Flavors: r-devel-linux-x86_64-debian-clang, r-devel-linux-x86_64-debian-gcc, r-devel-linux-x86_64-fedora-clang, r-devel-linux-x86_64-fedora-gcc, r-devel-windows-x86_64, r-patched-linux-x86_64, r-release-linux-x86_64, r-release-macos-arm64, r-release-macos-x86_64, r-release-windows-x86_64, r-oldrel-macos-arm64, r-oldrel-macos-x86_64, r-oldrel-windows-x86_64