CRAN Package Check Results for Package asd

Last updated on 2025-04-30 04:49:59 CEST.

Flavor Version Tinstall Tcheck Ttotal Status Flags
r-devel-linux-x86_64-debian-clang 2.2 3.30 33.43 36.73 NOTE
r-devel-linux-x86_64-debian-gcc 2.2 2.55 23.18 25.73 NOTE
r-devel-linux-x86_64-fedora-clang 2.2 57.84 OK
r-devel-linux-x86_64-fedora-gcc 2.2 54.51 OK
r-devel-windows-x86_64 2.2 4.00 59.00 63.00 OK
r-patched-linux-x86_64 2.2 4.15 31.78 35.93 OK
r-release-linux-x86_64 2.2 3.08 31.84 34.92 OK
r-release-macos-arm64 2.2 20.00 OK
r-release-macos-x86_64 2.2 38.00 OK
r-release-windows-x86_64 2.2 5.00 59.00 64.00 OK
r-oldrel-macos-arm64 2.2 29.00 OK
r-oldrel-macos-x86_64 2.2 29.00 OK
r-oldrel-windows-x86_64 2.2 8.00 60.00 68.00 OK

Check Details

Version: 2.2
Check: CRAN incoming feasibility
Result: NOTE Maintainer: ‘Nick Parsons <nick.parsons@warwick.ac.uk>’ No Authors@R field in DESCRIPTION. Please add one, modifying Authors@R: person(given = "Nick", family = "Parsons", role = c("aut", "cre"), email = "nick.parsons@warwick.ac.uk") as necessary. Flavors: r-devel-linux-x86_64-debian-clang, r-devel-linux-x86_64-debian-gcc