Last updated on 2025-04-30 04:49:59 CEST.
Flavor | Version | Tinstall | Tcheck | Ttotal | Status | Flags |
---|---|---|---|---|---|---|
r-devel-linux-x86_64-debian-clang | 1.0.0 | 211.76 | 130.67 | 342.43 | NOTE | |
r-devel-linux-x86_64-debian-gcc | 1.0.0 | 130.96 | 93.50 | 224.46 | OK | |
r-devel-linux-x86_64-fedora-clang | 1.0.0 | 626.80 | OK | |||
r-devel-linux-x86_64-fedora-gcc | 1.0.0 | 585.97 | OK | |||
r-devel-windows-x86_64 | 1.0.0 | 222.00 | 147.00 | 369.00 | OK | |
r-patched-linux-x86_64 | 1.0.0 | 180.63 | 125.04 | 305.67 | OK | |
r-release-linux-x86_64 | 1.0.0 | 190.29 | 126.35 | 316.64 | OK | |
r-release-macos-arm64 | 1.0.0 | 121.00 | OK | |||
r-release-macos-x86_64 | 1.0.0 | 157.00 | OK | |||
r-release-windows-x86_64 | 1.0.0 | 229.00 | 147.00 | 376.00 | OK | |
r-oldrel-macos-arm64 | 1.0.0 | 129.00 | NOTE | |||
r-oldrel-macos-x86_64 | 1.0.0 | 132.00 | NOTE | |||
r-oldrel-windows-x86_64 | 1.0.0 | 233.00 | 192.00 | 425.00 | OK |
Version: 1.0.0
Check: examples
Result: NOTE
Examples with CPU (user + system) or elapsed time > 5s
user system elapsed
plotCor 5.552 0.063 5.361
asmbPLSDA.cv 5.038 0.041 6.622
Flavor: r-devel-linux-x86_64-debian-clang
Version: 1.0.0
Check: installed package size
Result: NOTE
installed size is 10.8Mb
sub-directories of 1Mb or more:
data 1.1Mb
libs 8.5Mb
Flavors: r-oldrel-macos-arm64, r-oldrel-macos-x86_64