CRAN Package Check Results for Package aspline

Last updated on 2025-04-30 04:49:59 CEST.

Flavor Version Tinstall Tcheck Ttotal Status Flags
r-devel-linux-x86_64-debian-clang 0.2.0 29.27 92.03 121.30 NOTE
r-devel-linux-x86_64-debian-gcc 0.2.0 19.73 64.56 84.29 NOTE
r-devel-linux-x86_64-fedora-clang 0.2.0 191.83 OK
r-devel-linux-x86_64-fedora-gcc 0.2.0 188.59 OK
r-devel-windows-x86_64 0.2.0 36.00 113.00 149.00 OK
r-patched-linux-x86_64 0.2.0 28.00 83.91 111.91 OK
r-release-linux-x86_64 0.2.0 28.41 85.16 113.57 OK
r-release-macos-arm64 0.2.0 53.00 OK
r-release-macos-x86_64 0.2.0 91.00 OK
r-release-windows-x86_64 0.2.0 37.00 115.00 152.00 OK
r-oldrel-macos-arm64 0.2.0 59.00 OK
r-oldrel-macos-x86_64 0.2.0 85.00 OK
r-oldrel-windows-x86_64 0.2.0 40.00 142.00 182.00 OK

Check Details

Version: 0.2.0
Check: CRAN incoming feasibility
Result: NOTE Maintainer: ‘Vivien Goepp <vivien.goepp@gmail.com>’ The Description field contains Selection", <arXiv:1808.01770>. Please refer to arXiv e-prints via their arXiv DOI <doi:10.48550/arXiv.YYMM.NNNNN>. Flavors: r-devel-linux-x86_64-debian-clang, r-devel-linux-x86_64-debian-gcc