Last updated on 2025-02-21 03:52:07 CET.
Flavor | Version | Tinstall | Tcheck | Ttotal | Status | Flags |
---|---|---|---|---|---|---|
r-devel-linux-x86_64-debian-clang | 4.4.46 | 28.00 | 215.72 | 243.72 | OK | |
r-devel-linux-x86_64-debian-gcc | 4.4.46 | 16.72 | 135.65 | 152.37 | OK | |
r-devel-linux-x86_64-fedora-clang | 4.4.46 | 391.77 | OK | |||
r-devel-linux-x86_64-fedora-gcc | 4.4.46 | 419.07 | OK | |||
r-devel-macos-arm64 | 4.4.43 | 92.00 | OK | |||
r-devel-macos-x86_64 | 4.4.46 | 144.00 | OK | |||
r-devel-windows-x86_64 | 4.4.43 | 26.00 | 242.00 | 268.00 | OK | |
r-patched-linux-x86_64 | 4.4.46 | 27.76 | 200.87 | 228.63 | NOTE | |
r-release-linux-x86_64 | 4.4.46 | 26.40 | 199.22 | 225.62 | NOTE | |
r-release-macos-arm64 | 4.4.43 | 77.00 | NOTE | |||
r-release-macos-x86_64 | 4.4.46 | 149.00 | NOTE | |||
r-release-windows-x86_64 | 4.4.46 | 29.00 | 230.00 | 259.00 | NOTE | |
r-oldrel-macos-arm64 | 4.4.43 | 91.00 | NOTE | |||
r-oldrel-macos-x86_64 | 4.4.46 | 236.00 | NOTE | |||
r-oldrel-windows-x86_64 | 4.4.46 | 31.00 | 296.00 | 327.00 | NOTE |
Version: 4.4.46
Check: package dependencies
Result: NOTE
Package which this enhances but not available for checking: ‘asreml’
Flavors: r-patched-linux-x86_64, r-release-linux-x86_64, r-release-macos-x86_64, r-release-windows-x86_64, r-oldrel-macos-x86_64, r-oldrel-windows-x86_64
Version: 4.4.43
Check: package dependencies
Result: NOTE
Package which this enhances but not available for checking: ‘asreml’
Flavors: r-release-macos-arm64, r-oldrel-macos-arm64