Last updated on 2025-04-30 04:49:59 CEST.
Flavor | Version | Tinstall | Tcheck | Ttotal | Status | Flags |
---|---|---|---|---|---|---|
r-devel-linux-x86_64-debian-clang | 4.4.48 | 28.83 | 228.88 | 257.71 | OK | |
r-devel-linux-x86_64-debian-gcc | 4.4.48 | 17.28 | 144.48 | 161.76 | OK | |
r-devel-linux-x86_64-fedora-clang | 4.4.48 | 434.39 | OK | |||
r-devel-linux-x86_64-fedora-gcc | 4.4.48 | 421.22 | OK | |||
r-devel-windows-x86_64 | 4.4.48 | 29.00 | 239.00 | 268.00 | OK | |
r-patched-linux-x86_64 | 4.4.48 | 31.67 | 212.09 | 243.76 | OK | |
r-release-linux-x86_64 | 4.4.48 | 27.03 | 210.98 | 238.01 | OK | |
r-release-macos-arm64 | 4.4.48 | 62.00 | OK | |||
r-release-macos-x86_64 | 4.4.48 | 130.00 | OK | |||
r-release-windows-x86_64 | 4.4.48 | 29.00 | 242.00 | 271.00 | OK | |
r-oldrel-macos-arm64 | 4.4.48 | 85.00 | NOTE | |||
r-oldrel-macos-x86_64 | 4.4.48 | 134.00 | NOTE | |||
r-oldrel-windows-x86_64 | 4.4.48 | 37.00 | 309.00 | 346.00 | NOTE |
Version: 4.4.48
Check: package dependencies
Result: NOTE
Package which this enhances but not available for checking: ‘asreml’
Flavors: r-oldrel-macos-arm64, r-oldrel-macos-x86_64, r-oldrel-windows-x86_64