Last updated on 2025-04-30 04:49:59 CEST.
Flavor | Version | Tinstall | Tcheck | Ttotal | Status | Flags |
---|---|---|---|---|---|---|
r-devel-linux-x86_64-debian-clang | 1.1.1 | 9.68 | 94.45 | 104.13 | NOTE | |
r-devel-linux-x86_64-debian-gcc | 1.1.1 | 7.21 | 68.46 | 75.67 | NOTE | |
r-devel-linux-x86_64-fedora-clang | 1.1.1 | 164.11 | OK | |||
r-devel-linux-x86_64-fedora-gcc | 1.1.1 | 158.15 | OK | |||
r-devel-windows-x86_64 | 1.1.1 | 11.00 | 104.00 | 115.00 | OK | |
r-patched-linux-x86_64 | 1.1.1 | 9.24 | 91.19 | 100.43 | OK | |
r-release-linux-x86_64 | 1.1.1 | 8.55 | 89.37 | 97.92 | OK | |
r-release-macos-arm64 | 1.1.1 | 54.00 | OK | |||
r-release-macos-x86_64 | 1.1.1 | 106.00 | OK | |||
r-release-windows-x86_64 | 1.1.1 | 10.00 | 103.00 | 113.00 | OK | |
r-oldrel-macos-arm64 | 1.1.1 | 51.00 | OK | |||
r-oldrel-macos-x86_64 | 1.1.1 | 125.00 | OK | |||
r-oldrel-windows-x86_64 | 1.1.1 | 13.00 | 125.00 | 138.00 | OK |
Version: 1.1.1
Check: examples
Result: NOTE
Examples with CPU (user + system) or elapsed time > 5s
user system elapsed
resid_quasi 8.038 0.06 10.485
Flavor: r-devel-linux-x86_64-debian-clang
Version: 1.1.1
Check: examples
Result: NOTE
Examples with CPU (user + system) or elapsed time > 5s
user system elapsed
resid_quasi 5.752 0.051 6.409
Flavor: r-devel-linux-x86_64-debian-gcc