Last updated on 2025-04-30 04:49:59 CEST.
Flavor | Version | Tinstall | Tcheck | Ttotal | Status | Flags |
---|---|---|---|---|---|---|
r-devel-linux-x86_64-debian-clang | 1.4 | 31.70 | 151.51 | 183.21 | NOTE | |
r-devel-linux-x86_64-debian-gcc | 1.5 | 21.39 | 98.91 | 120.30 | NOTE | |
r-devel-linux-x86_64-fedora-clang | 1.5 | 308.90 | OK | |||
r-devel-linux-x86_64-fedora-gcc | 1.5 | 288.74 | OK | |||
r-devel-windows-x86_64 | 1.5 | 41.00 | 184.00 | 225.00 | OK | |
r-patched-linux-x86_64 | 1.4 | 31.46 | 142.20 | 173.66 | OK | |
r-release-linux-x86_64 | 1.4 | 28.96 | 142.78 | 171.74 | OK | |
r-release-macos-arm64 | 1.5 | 79.00 | OK | |||
r-release-macos-x86_64 | 1.5 | 143.00 | OK | |||
r-release-windows-x86_64 | 1.5 | 44.00 | 173.00 | 217.00 | OK | |
r-oldrel-macos-arm64 | 1.5 | 82.00 | OK | |||
r-oldrel-macos-x86_64 | 1.5 | 172.00 | OK | |||
r-oldrel-windows-x86_64 | 1.4 | 45.00 | 210.00 | 255.00 | OK |
Version: 1.4
Check: examples
Result: NOTE
Examples with CPU (user + system) or elapsed time > 5s
user system elapsed
integratePower 2.647 0.075 5.089
Flavor: r-devel-linux-x86_64-debian-clang
Version: 1.5
Check: examples
Result: NOTE
Examples with CPU (user + system) or elapsed time > 5s
user system elapsed
integratePower 2.906 0.072 5.614
Flavor: r-devel-linux-x86_64-debian-gcc