Last updated on 2025-04-30 04:49:59 CEST.
Flavor | Version | Tinstall | Tcheck | Ttotal | Status | Flags |
---|---|---|---|---|---|---|
r-devel-linux-x86_64-debian-clang | 2.2 | 8.35 | 64.86 | 73.21 | NOTE | |
r-devel-linux-x86_64-debian-gcc | 2.2 | 5.54 | 44.24 | 49.78 | OK | |
r-devel-linux-x86_64-fedora-clang | 2.2 | 113.48 | OK | |||
r-devel-linux-x86_64-fedora-gcc | 2.2 | 107.25 | OK | |||
r-devel-windows-x86_64 | 2.2 | 11.00 | 92.00 | 103.00 | OK | |
r-patched-linux-x86_64 | 2.2 | 10.93 | 61.55 | 72.48 | OK | |
r-release-linux-x86_64 | 2.2 | 6.67 | 60.93 | 67.60 | OK | |
r-release-macos-arm64 | 2.2 | 34.00 | OK | |||
r-release-macos-x86_64 | 2.2 | 62.00 | OK | |||
r-release-windows-x86_64 | 2.2 | 10.00 | 102.00 | 112.00 | OK | |
r-oldrel-macos-arm64 | 2.2 | 37.00 | OK | |||
r-oldrel-macos-x86_64 | 2.2 | 53.00 | OK | |||
r-oldrel-windows-x86_64 | 2.2 | 17.00 | 178.00 | 195.00 | OK |
Version: 2.2
Check: examples
Result: NOTE
Examples with CPU (user + system) or elapsed time > 5s
user system elapsed
EM 4.778 0.008 5.882
Flavor: r-devel-linux-x86_64-debian-clang