Last updated on 2025-04-30 04:49:59 CEST.
Flavor | Version | Tinstall | Tcheck | Ttotal | Status | Flags |
---|---|---|---|---|---|---|
r-devel-linux-x86_64-debian-clang | 2.0.4 | 13.66 | 117.39 | 131.05 | NOTE | |
r-devel-linux-x86_64-debian-gcc | 2.0.4 | 9.50 | 85.09 | 94.59 | NOTE | |
r-devel-linux-x86_64-fedora-clang | 2.0.4 | 192.95 | OK | |||
r-devel-linux-x86_64-fedora-gcc | 2.0.4 | 197.40 | OK | |||
r-devel-windows-x86_64 | 2.0.4 | 15.00 | 128.00 | 143.00 | OK | |
r-patched-linux-x86_64 | 2.0.4 | 14.06 | 112.06 | 126.12 | OK | |
r-release-linux-x86_64 | 2.0.4 | 12.75 | 113.64 | 126.39 | OK | |
r-release-macos-arm64 | 2.0.4 | 60.00 | OK | |||
r-release-macos-x86_64 | 2.0.4 | 130.00 | OK | |||
r-release-windows-x86_64 | 2.0.4 | 16.00 | 124.00 | 140.00 | OK | |
r-oldrel-macos-arm64 | 2.0.4 | 58.00 | OK | |||
r-oldrel-macos-x86_64 | 2.0.4 | 94.00 | OK | |||
r-oldrel-windows-x86_64 | 2.0.4 | 20.00 | 153.00 | 173.00 | OK |
Version: 2.0.4
Check: CRAN incoming feasibility
Result: NOTE
Maintainer: ‘Berrie Zielman <berrie.zielman@gmail.com>’
No Authors@R field in DESCRIPTION.
Please add one, modifying
Authors@R: person(given = "Berrie",
family = "Zielman",
role = c("aut", "cre"),
email = "berrie.zielman@gmail.com")
as necessary.
Flavors: r-devel-linux-x86_64-debian-clang, r-devel-linux-x86_64-debian-gcc