Last updated on 2025-04-30 04:49:59 CEST.
Flavor | Version | Tinstall | Tcheck | Ttotal | Status | Flags |
---|---|---|---|---|---|---|
r-devel-linux-x86_64-debian-clang | 0.2.0 | 10.60 | 98.38 | 108.98 | NOTE | |
r-devel-linux-x86_64-debian-gcc | 0.2.0 | 7.37 | 70.99 | 78.36 | NOTE | |
r-devel-linux-x86_64-fedora-clang | 0.2.0 | 162.38 | OK | |||
r-devel-linux-x86_64-fedora-gcc | 0.2.0 | 152.20 | OK | |||
r-devel-windows-x86_64 | 0.2.0 | 11.00 | 109.00 | 120.00 | OK | |
r-patched-linux-x86_64 | 0.2.0 | 9.91 | 93.30 | 103.21 | OK | |
r-release-linux-x86_64 | 0.2.0 | 10.91 | 93.42 | 104.33 | OK | |
r-release-macos-arm64 | 0.2.0 | 46.00 | OK | |||
r-release-macos-x86_64 | 0.2.0 | 91.00 | OK | |||
r-release-windows-x86_64 | 0.2.0 | 13.00 | 109.00 | 122.00 | OK | |
r-oldrel-macos-arm64 | 0.2.0 | 50.00 | OK | |||
r-oldrel-macos-x86_64 | 0.2.0 | 116.00 | OK | |||
r-oldrel-windows-x86_64 | 0.2.0 | 16.00 | 131.00 | 147.00 | OK |
Version: 0.2.0
Check: examples
Result: NOTE
Examples with CPU (user + system) or elapsed time > 5s
user system elapsed
f_plot_distrib_3D 5.968 1.101 8.119
Flavor: r-devel-linux-x86_64-debian-clang
Version: 0.2.0
Check: examples
Result: NOTE
Examples with CPU (user + system) or elapsed time > 5s
user system elapsed
f_plot_distrib_3D 4.625 0.508 6.594
Flavor: r-devel-linux-x86_64-debian-gcc