Last updated on 2025-04-30 04:49:59 CEST.
Flavor | Version | Tinstall | Tcheck | Ttotal | Status | Flags |
---|---|---|---|---|---|---|
r-devel-linux-x86_64-debian-clang | 2025.4.1 | 3.11 | 187.17 | 190.28 | NOTE | |
r-devel-linux-x86_64-debian-gcc | 2025.4.1 | 1.88 | 132.36 | 134.24 | OK | |
r-devel-linux-x86_64-fedora-clang | 2025.4.1 | 280.71 | OK | |||
r-devel-linux-x86_64-fedora-gcc | 2025.4.1 | 267.17 | OK | |||
r-devel-windows-x86_64 | 2025.4.1 | 5.00 | 213.00 | 218.00 | OK | |
r-patched-linux-x86_64 | 2025.4.1 | 3.65 | 176.95 | 180.60 | OK | |
r-release-linux-x86_64 | 2025.4.1 | 3.50 | 177.02 | 180.52 | OK | |
r-release-macos-arm64 | 2025.4.1 | 114.00 | OK | |||
r-release-macos-x86_64 | 2025.4.1 | 222.00 | OK | |||
r-release-windows-x86_64 | 2025.4.1 | 5.00 | 215.00 | 220.00 | OK | |
r-oldrel-macos-arm64 | 2025.4.1 | 119.00 | OK | |||
r-oldrel-macos-x86_64 | 2025.4.1 | 217.00 | OK | |||
r-oldrel-windows-x86_64 | 2025.4.1 | 6.00 | 269.00 | 275.00 | OK |
Version: 2025.4.1
Check: examples
Result: NOTE
Examples with CPU (user + system) or elapsed time > 5s
user system elapsed
references_best 5.045 0.072 5.977
atime 3.923 0.166 5.062
atime_grid 3.987 0.091 5.184
Flavor: r-devel-linux-x86_64-debian-clang