CRAN Package Check Results for Package atlas

Last updated on 2025-04-30 04:49:59 CEST.

Flavor Version Tinstall Tcheck Ttotal Status Flags
r-devel-linux-x86_64-debian-clang 1.0.0 1.90 18.43 20.33 NOTE
r-devel-linux-x86_64-debian-gcc 1.0.0 1.12 15.25 16.37 NOTE
r-devel-linux-x86_64-fedora-clang 1.0.0 31.59 NOTE
r-devel-linux-x86_64-fedora-gcc 1.0.0 30.15 NOTE
r-devel-windows-x86_64 1.0.0 4.00 44.00 48.00 OK
r-patched-linux-x86_64 1.0.0 1.80 17.84 19.64 OK
r-release-linux-x86_64 1.0.0 1.81 17.79 19.60 OK
r-release-macos-arm64 1.0.0 34.00 OK
r-release-macos-x86_64 1.0.0 26.00 OK
r-release-windows-x86_64 1.0.0 3.00 44.00 47.00 OK
r-oldrel-macos-arm64 1.0.0 22.00 NOTE
r-oldrel-macos-x86_64 1.0.0 25.00 NOTE
r-oldrel-windows-x86_64 1.0.0 4.00 43.00 47.00 NOTE

Additional issues

donttest

Check Details

Version: 1.0.0
Check: CRAN incoming feasibility
Result: NOTE Maintainer: ‘Vladimir Polony <podalv@gmail.com>’ No Authors@R field in DESCRIPTION. Please add one, modifying Authors@R: person(given = "Vladimir", family = "Polony", role = c("aut", "cre"), email = "podalv@gmail.com") as necessary. Flavors: r-devel-linux-x86_64-debian-clang, r-devel-linux-x86_64-debian-gcc

Version: 1.0.0
Check: dependencies in R code
Result: NOTE Namespace in Imports field not imported from: ‘testthat’ All declared Imports should be used. Flavors: r-devel-linux-x86_64-fedora-clang, r-devel-linux-x86_64-fedora-gcc

Version: 1.0.0
Check: LazyData
Result: NOTE 'LazyData' is specified without a 'data' directory Flavors: r-oldrel-macos-arm64, r-oldrel-macos-x86_64, r-oldrel-windows-x86_64