Last updated on 2025-04-30 04:49:59 CEST.
Flavor | Version | Tinstall | Tcheck | Ttotal | Status | Flags |
---|---|---|---|---|---|---|
r-devel-linux-x86_64-debian-clang | 1.0.0 | 2.18 | 30.07 | 32.25 | NOTE | |
r-devel-linux-x86_64-debian-gcc | 1.0.0 | 1.57 | 21.79 | 23.36 | NOTE | |
r-devel-linux-x86_64-fedora-clang | 1.0.0 | 52.48 | OK | |||
r-devel-linux-x86_64-fedora-gcc | 1.0.0 | 49.02 | OK | |||
r-devel-windows-x86_64 | 1.0.0 | 3.00 | 53.00 | 56.00 | OK | |
r-patched-linux-x86_64 | 1.0.0 | 2.34 | 28.18 | 30.52 | OK | |
r-release-linux-x86_64 | 1.0.0 | 1.95 | 28.40 | 30.35 | OK | |
r-release-macos-arm64 | 1.0.0 | 19.00 | OK | |||
r-release-macos-x86_64 | 1.0.0 | 31.00 | OK | |||
r-release-windows-x86_64 | 1.0.0 | 3.00 | 51.00 | 54.00 | OK | |
r-oldrel-macos-arm64 | 1.0.0 | 22.00 | NOTE | |||
r-oldrel-macos-x86_64 | 1.0.0 | 26.00 | NOTE | |||
r-oldrel-windows-x86_64 | 1.0.0 | 3.00 | 48.00 | 51.00 | NOTE |
Version: 1.0.0
Check: CRAN incoming feasibility
Result: NOTE
Maintainer: ‘Jonas Moss <jonas.gjertsen@gmail.com>’
The Description field contains
Implements the methods described in Moss (2019, <arxiv:1911.01576>).
Please refer to arXiv e-prints via their arXiv DOI <doi:10.48550/arXiv.YYMM.NNNNN>.
Flavors: r-devel-linux-x86_64-debian-clang, r-devel-linux-x86_64-debian-gcc
Version: 1.0.0
Check: examples
Result: NOTE
Examples with CPU (user + system) or elapsed time > 5s
user system elapsed
cc 4.857 0.033 5.391
Flavor: r-devel-linux-x86_64-debian-clang
Version: 1.0.0
Check: LazyData
Result: NOTE
'LazyData' is specified without a 'data' directory
Flavors: r-oldrel-macos-arm64, r-oldrel-macos-x86_64, r-oldrel-windows-x86_64