CRAN Package Check Results for Package auRoc

Last updated on 2025-04-30 04:49:59 CEST.

Flavor Version Tinstall Tcheck Ttotal Status Flags
r-devel-linux-x86_64-debian-clang 0.2-1 2.72 23.60 26.32 NOTE
r-devel-linux-x86_64-debian-gcc 0.2-1 1.89 18.77 20.66 NOTE
r-devel-linux-x86_64-fedora-clang 0.2-1 41.80 OK
r-devel-linux-x86_64-fedora-gcc 0.2-1 39.60 OK
r-devel-windows-x86_64 0.2-1 4.00 51.00 55.00 OK
r-patched-linux-x86_64 0.2-1 2.85 22.90 25.75 OK
r-release-linux-x86_64 0.2-1 2.97 22.96 25.93 OK
r-release-macos-arm64 0.2-1 19.00 OK
r-release-macos-x86_64 0.2-1 28.00 OK
r-release-windows-x86_64 0.2-1 5.00 45.00 50.00 OK
r-oldrel-macos-arm64 0.2-1 17.00 OK
r-oldrel-macos-x86_64 0.2-1 24.00 OK
r-oldrel-windows-x86_64 0.2-1 6.00 48.00 54.00 OK

Check Details

Version: 0.2-1
Check: CRAN incoming feasibility
Result: NOTE Maintainer: ‘Dai Feng <daifeng.stat@gmail.com>’ No Authors@R field in DESCRIPTION. Please add one, modifying Authors@R: c(person(given = "Dai", family = "Feng", role = c("aut", "cre"), email = "daifeng.stat@gmail.com"), person(given = "Damjan", family = "Manevski", role = "auc"), person(given = c("Maja", "Pohar"), family = "Perme", role = "auc")) as necessary. Flavors: r-devel-linux-x86_64-debian-clang, r-devel-linux-x86_64-debian-gcc