Last updated on 2025-04-30 04:49:59 CEST.
Flavor | Version | Tinstall | Tcheck | Ttotal | Status | Flags |
---|---|---|---|---|---|---|
r-devel-linux-x86_64-debian-clang | 1.0.6 | 7.60 | 68.55 | 76.15 | NOTE | |
r-devel-linux-x86_64-debian-gcc | 1.0.6 | 5.38 | 48.67 | 54.05 | OK | |
r-devel-linux-x86_64-fedora-clang | 1.0.6 | 120.72 | OK | |||
r-devel-linux-x86_64-fedora-gcc | 1.0.6 | 126.38 | OK | |||
r-devel-windows-x86_64 | 1.0.6 | 9.00 | 87.00 | 96.00 | OK | |
r-patched-linux-x86_64 | 1.0.6 | 9.79 | 64.58 | 74.37 | OK | |
r-release-linux-x86_64 | 1.0.6 | 8.37 | 63.41 | 71.78 | OK | |
r-release-macos-arm64 | 1.0.6 | 40.00 | OK | |||
r-release-macos-x86_64 | 1.0.6 | 71.00 | OK | |||
r-release-windows-x86_64 | 1.0.6 | 10.00 | 89.00 | 99.00 | OK | |
r-oldrel-macos-arm64 | 1.0.6 | 39.00 | OK | |||
r-oldrel-macos-x86_64 | 1.0.6 | 59.00 | OK | |||
r-oldrel-windows-x86_64 | 1.0.6 | 13.00 | 104.00 | 117.00 | OK |
Version: 1.0.6
Check: examples
Result: NOTE
Examples with CPU (user + system) or elapsed time > 5s
user system elapsed
auto_MrP 4.694 0.166 5.921
Flavor: r-devel-linux-x86_64-debian-clang