Last updated on 2025-04-30 04:49:59 CEST.
Flavor | Version | Tinstall | Tcheck | Ttotal | Status | Flags |
---|---|---|---|---|---|---|
r-devel-linux-x86_64-debian-clang | 0.3.0 | 3.51 | 141.79 | 145.30 | NOTE | |
r-devel-linux-x86_64-debian-gcc | 0.3.0 | 1.91 | 97.08 | 98.99 | NOTE | |
r-devel-linux-x86_64-fedora-clang | 0.3.0 | 228.62 | NOTE | |||
r-devel-linux-x86_64-fedora-gcc | 0.3.0 | 233.43 | NOTE | |||
r-devel-windows-x86_64 | 0.3.0 | 5.00 | 156.00 | 161.00 | NOTE | |
r-patched-linux-x86_64 | 0.3.0 | 3.44 | 137.40 | 140.84 | NOTE | |
r-release-linux-x86_64 | 0.3.0 | 2.93 | 137.40 | 140.33 | NOTE | |
r-release-macos-arm64 | 0.3.0 | 89.00 | NOTE | |||
r-release-macos-x86_64 | 0.3.0 | 129.00 | NOTE | |||
r-release-windows-x86_64 | 0.3.0 | 5.00 | 152.00 | 157.00 | NOTE | |
r-oldrel-macos-arm64 | 0.3.0 | 65.00 | NOTE | |||
r-oldrel-macos-x86_64 | 0.3.0 | 99.00 | NOTE | |||
r-oldrel-windows-x86_64 | 0.3.0 | 6.00 | 185.00 | 191.00 | NOTE |
Version: 0.3.0
Check: Rd files
Result: NOTE
checkRd: (-1) noauto_scorecard.Rd:20: Lost braces; missing escapes or markup?
20 | \item{fit}{See glm {stats}.}
| ^
checkRd: (-1) noauto_scorecard2.Rd:21: Lost braces; missing escapes or markup?
21 | \item{fit}{See glm {stats}.}
| ^
Flavors: r-devel-linux-x86_64-debian-clang, r-devel-linux-x86_64-debian-gcc, r-devel-linux-x86_64-fedora-clang, r-devel-linux-x86_64-fedora-gcc, r-devel-windows-x86_64, r-patched-linux-x86_64, r-release-linux-x86_64, r-release-macos-arm64, r-release-macos-x86_64, r-release-windows-x86_64, r-oldrel-macos-arm64, r-oldrel-macos-x86_64, r-oldrel-windows-x86_64
Version: 0.3.0
Check: examples
Result: NOTE
Examples with CPU (user + system) or elapsed time > 5s
user system elapsed
bins_chim 10.811 0.016 13.402
filter_var 6.375 0.022 8.144
auto_scorecard 5.582 0.326 7.468
best_vs 5.065 0.052 6.605
best_iv 4.767 0.078 5.762
bins_unsupervised 4.440 0.027 5.091
Flavor: r-devel-linux-x86_64-debian-clang
Version: 0.3.0
Check: examples
Result: NOTE
Examples with CPU (user + system) or elapsed time > 5s
user system elapsed
bins_chim 5.674 0.065 7.073
Flavor: r-devel-linux-x86_64-debian-gcc