CRAN Package Check Results for Package autoimage

Last updated on 2025-04-30 04:49:59 CEST.

Flavor Version Tinstall Tcheck Ttotal Status Flags
r-devel-linux-x86_64-debian-clang 2.2.3 5.06 127.79 132.85 NOTE
r-devel-linux-x86_64-debian-gcc 2.2.3 2.77 94.39 97.16 NOTE
r-devel-linux-x86_64-fedora-clang 2.2.3 200.52 OK
r-devel-linux-x86_64-fedora-gcc 2.2.3 208.42 OK
r-devel-windows-x86_64 2.2.3 6.00 222.00 228.00 OK
r-patched-linux-x86_64 2.2.3 4.71 126.21 130.92 OK
r-release-linux-x86_64 2.2.3 4.39 125.95 130.34 OK
r-release-macos-arm64 2.2.3 95.00 OK
r-release-macos-x86_64 2.2.3 134.00 OK
r-release-windows-x86_64 2.2.3 7.00 224.00 231.00 OK
r-oldrel-macos-arm64 2.2.3 60.00 OK
r-oldrel-macos-x86_64 2.2.3 102.00 OK
r-oldrel-windows-x86_64 2.2.3 7.00 252.00 259.00 OK

Check Details

Version: 2.2.3
Check: CRAN incoming feasibility
Result: NOTE Maintainer: ‘Joshua French <joshua.french@ucdenver.edu>’ No Authors@R field in DESCRIPTION. Please add one, modifying Authors@R: person(given = "Joshua", family = "French", role = c("aut", "cre"), email = "joshua.french@ucdenver.edu") as necessary. Package CITATION file contains call(s) to old-style citEntry(). Please use bibentry() instead. Flavors: r-devel-linux-x86_64-debian-clang, r-devel-linux-x86_64-debian-gcc