Last updated on 2025-04-30 04:49:59 CEST.
Flavor | Version | Tinstall | Tcheck | Ttotal | Status | Flags |
---|---|---|---|---|---|---|
r-devel-linux-x86_64-debian-clang | 0.9.4 | 5.07 | 54.07 | 59.14 | OK | |
r-devel-linux-x86_64-debian-gcc | 0.9.4 | 3.91 | 41.27 | 45.18 | OK | |
r-devel-linux-x86_64-fedora-clang | 0.9.4 | 94.30 | OK | |||
r-devel-linux-x86_64-fedora-gcc | 0.9.4 | 93.00 | OK | |||
r-devel-windows-x86_64 | 0.9.4 | 18.00 | 261.00 | 279.00 | OK | |
r-patched-linux-x86_64 | 0.9.4 | 4.98 | 53.33 | 58.31 | OK | |
r-release-linux-x86_64 | 0.9.4 | 4.97 | 53.52 | 58.49 | OK | |
r-release-macos-arm64 | 0.9.4 | 48.00 | OK | |||
r-release-macos-x86_64 | 0.9.4 | 59.00 | OK | |||
r-release-windows-x86_64 | 0.9.4 | 20.00 | 267.00 | 287.00 | OK | |
r-oldrel-macos-arm64 | 0.9.4 | 57.00 | NOTE | |||
r-oldrel-macos-x86_64 | 0.9.4 | 102.00 | NOTE | |||
r-oldrel-windows-x86_64 | 0.9.4 | 24.00 | 386.00 | 410.00 | NOTE |
Version: 0.9.4
Check: installed package size
Result: NOTE
installed size is 23.7Mb
sub-directories of 1Mb or more:
libs 22.9Mb
Flavors: r-oldrel-macos-arm64, r-oldrel-macos-x86_64, r-oldrel-windows-x86_64