Last updated on 2025-04-30 04:49:59 CEST.
Flavor | Version | Tinstall | Tcheck | Ttotal | Status | Flags |
---|---|---|---|---|---|---|
r-devel-linux-x86_64-debian-clang | 0.1.3 | 24.69 | 70.09 | 94.78 | NOTE | |
r-devel-linux-x86_64-debian-gcc | 0.1.3 | 15.98 | 49.03 | 65.01 | NOTE | |
r-devel-linux-x86_64-fedora-clang | 0.1.3 | 144.91 | NOTE | |||
r-devel-linux-x86_64-fedora-gcc | 0.1.3 | 143.54 | NOTE | |||
r-devel-windows-x86_64 | 0.1.3 | 27.00 | 110.00 | 137.00 | NOTE | |
r-patched-linux-x86_64 | 0.1.3 | 22.18 | 65.40 | 87.58 | NOTE | |
r-release-linux-x86_64 | 0.1.3 | 22.85 | 64.33 | 87.18 | NOTE | |
r-release-macos-arm64 | 0.1.3 | 47.00 | NOTE | |||
r-release-macos-x86_64 | 0.1.3 | 123.00 | NOTE | |||
r-release-windows-x86_64 | 0.1.3 | 29.00 | 107.00 | 136.00 | NOTE | |
r-oldrel-macos-arm64 | 0.1.3 | 48.00 | NOTE | |||
r-oldrel-macos-x86_64 | 0.1.3 | 65.00 | NOTE | |||
r-oldrel-windows-x86_64 | 0.1.3 | 32.00 | 128.00 | 160.00 | NOTE |
Version: 0.1.3
Check: Rd files
Result: NOTE
checkRd: (-1) avar_mo_cpp.Rd:15: Lost braces in \itemize; \value handles \item{}{} directly
checkRd: (-1) avar_mo_cpp.Rd:16: Lost braces in \itemize; \value handles \item{}{} directly
checkRd: (-1) avar_mo_cpp.Rd:17: Lost braces in \itemize; \value handles \item{}{} directly
checkRd: (-1) avar_to_cpp.Rd:15: Lost braces in \itemize; \value handles \item{}{} directly
checkRd: (-1) avar_to_cpp.Rd:16: Lost braces in \itemize; \value handles \item{}{} directly
checkRd: (-1) avar_to_cpp.Rd:17: Lost braces in \itemize; \value handles \item{}{} directly
Flavors: r-devel-linux-x86_64-debian-clang, r-devel-linux-x86_64-debian-gcc, r-devel-linux-x86_64-fedora-clang, r-devel-linux-x86_64-fedora-gcc, r-devel-windows-x86_64, r-patched-linux-x86_64, r-release-linux-x86_64, r-release-macos-arm64, r-release-macos-x86_64, r-release-windows-x86_64, r-oldrel-macos-arm64, r-oldrel-macos-x86_64, r-oldrel-windows-x86_64