Last updated on 2025-04-30 04:49:59 CEST.
Flavor | Version | Tinstall | Tcheck | Ttotal | Status | Flags |
---|---|---|---|---|---|---|
r-devel-linux-x86_64-debian-clang | 1.3 | 5.21 | 50.27 | 55.48 | OK | |
r-devel-linux-x86_64-debian-gcc | 1.3 | 3.43 | 37.33 | 40.76 | OK | |
r-devel-linux-x86_64-fedora-clang | 1.3 | 85.73 | NOTE | |||
r-devel-linux-x86_64-fedora-gcc | 1.3 | 95.10 | NOTE | |||
r-devel-windows-x86_64 | 1.3 | 8.00 | 74.00 | 82.00 | OK | |
r-patched-linux-x86_64 | 1.3 | 5.62 | 48.07 | 53.69 | OK | |
r-release-linux-x86_64 | 1.3 | 4.32 | 48.47 | 52.79 | OK | |
r-release-macos-arm64 | 1.3 | 36.00 | OK | |||
r-release-macos-x86_64 | 1.3 | 61.00 | OK | |||
r-release-windows-x86_64 | 1.3 | 8.00 | 75.00 | 83.00 | OK | |
r-oldrel-macos-arm64 | 1.3 | 34.00 | OK | |||
r-oldrel-macos-x86_64 | 1.3 | 68.00 | OK | |||
r-oldrel-windows-x86_64 | 1.3 | 8.00 | 81.00 | 89.00 | OK |
Version: 1.3
Check: dependencies in R code
Result: NOTE
Namespaces in Imports field not imported from:
‘DT’ ‘bslib’ ‘rclipboard’ ‘rmarkdown’
All declared Imports should be used.
Flavors: r-devel-linux-x86_64-fedora-clang, r-devel-linux-x86_64-fedora-gcc