Last updated on 2025-04-30 04:49:59 CEST.
Flavor | Version | Tinstall | Tcheck | Ttotal | Status | Flags |
---|---|---|---|---|---|---|
r-devel-linux-x86_64-debian-clang | 0.3.21 | 4.55 | 37.89 | 42.44 | NOTE | |
r-devel-linux-x86_64-debian-gcc | 0.3.21 | 3.20 | 28.54 | 31.74 | NOTE | |
r-devel-linux-x86_64-fedora-clang | 0.3.21 | 64.46 | OK | |||
r-devel-linux-x86_64-fedora-gcc | 0.3.21 | 60.93 | OK | |||
r-devel-windows-x86_64 | 0.3.21 | 8.00 | 83.00 | 91.00 | OK | |
r-patched-linux-x86_64 | 0.3.21 | 5.22 | 35.69 | 40.91 | OK | |
r-release-linux-x86_64 | 0.3.21 | 4.17 | 35.17 | 39.34 | OK | |
r-release-macos-arm64 | 0.3.21 | 37.00 | OK | |||
r-release-macos-x86_64 | 0.3.21 | 51.00 | OK | |||
r-release-windows-x86_64 | 0.3.21 | 7.00 | 83.00 | 90.00 | OK | |
r-oldrel-macos-arm64 | 0.3.21 | 27.00 | OK | |||
r-oldrel-macos-x86_64 | 0.3.21 | 41.00 | OK | |||
r-oldrel-windows-x86_64 | 0.3.21 | 8.00 | 84.00 | 92.00 | OK |
Version: 0.3.21
Check: CRAN incoming feasibility
Result: NOTE
Maintainer: ‘Simon Urbanek <simon.urbanek@R-project.org>’
Package CITATION file contains call(s) to old-style personList() or
as.personList(). Please use c() on person objects instead.
Package CITATION file contains call(s) to old-style citEntry(). Please
use bibentry() instead.
Flavors: r-devel-linux-x86_64-debian-clang, r-devel-linux-x86_64-debian-gcc