Last updated on 2025-04-30 04:49:59 CEST.
Flavor | Version | Tinstall | Tcheck | Ttotal | Status | Flags |
---|---|---|---|---|---|---|
r-devel-linux-x86_64-debian-clang | 0.6.0 | 2.11 | 26.32 | 28.43 | NOTE | |
r-devel-linux-x86_64-debian-gcc | 0.6.0 | 1.72 | 20.79 | 22.51 | NOTE | |
r-devel-linux-x86_64-fedora-clang | 0.6.0 | 42.49 | OK | |||
r-devel-linux-x86_64-fedora-gcc | 0.6.0 | 40.36 | OK | |||
r-devel-windows-x86_64 | 0.6.0 | 5.00 | 69.00 | 74.00 | OK | |
r-patched-linux-x86_64 | 0.6.0 | 2.22 | 24.37 | 26.59 | OK | |
r-release-linux-x86_64 | 0.6.0 | 1.92 | 24.60 | 26.52 | OK | |
r-release-macos-arm64 | 0.6.0 | 36.00 | OK | |||
r-release-macos-x86_64 | 0.6.0 | 36.00 | OK | |||
r-release-windows-x86_64 | 0.6.0 | 5.00 | 70.00 | 75.00 | OK | |
r-oldrel-macos-arm64 | 0.6.0 | 27.00 | OK | |||
r-oldrel-macos-x86_64 | 0.6.0 | 32.00 | OK | |||
r-oldrel-windows-x86_64 | 0.6.0 | 5.00 | 70.00 | 75.00 | OK |
Version: 0.6.0
Check: CRAN incoming feasibility
Result: NOTE
Maintainer: ‘Jonathan Stott <jonathan.stott@magairports.com>’
Package CITATION file contains call(s) to old-style personList() or
as.personList(). Please use c() on person objects instead.
Package CITATION file contains call(s) to old-style citEntry(). Please
use bibentry() instead.
Flavors: r-devel-linux-x86_64-debian-clang, r-devel-linux-x86_64-debian-gcc