Last updated on 2025-04-30 04:50:01 CEST.
Flavor | Version | Tinstall | Tcheck | Ttotal | Status | Flags |
---|---|---|---|---|---|---|
r-devel-linux-x86_64-debian-clang | 1.0.0 | 6.48 | 57.45 | 63.93 | NOTE | |
r-devel-linux-x86_64-debian-gcc | 1.0.0 | 4.52 | 40.37 | 44.89 | OK | |
r-devel-linux-x86_64-fedora-clang | 1.0.0 | 89.70 | OK | |||
r-devel-linux-x86_64-fedora-gcc | 1.0.0 | 99.73 | OK | |||
r-devel-windows-x86_64 | 1.0.0 | 9.00 | 74.00 | 83.00 | OK | |
r-patched-linux-x86_64 | 1.0.0 | 5.88 | 53.41 | 59.29 | OK | |
r-release-linux-x86_64 | 1.0.0 | 6.04 | 53.32 | 59.36 | OK | |
r-release-macos-arm64 | 1.0.0 | 40.00 | OK | |||
r-release-macos-x86_64 | 1.0.0 | 80.00 | OK | |||
r-release-windows-x86_64 | 1.0.0 | 8.00 | 72.00 | 80.00 | OK | |
r-oldrel-macos-arm64 | 1.0.0 | 35.00 | OK | |||
r-oldrel-macos-x86_64 | 1.0.0 | 55.00 | OK | |||
r-oldrel-windows-x86_64 | 1.0.0 | 9.00 | 85.00 | 94.00 | OK |
Version: 1.0.0
Check: examples
Result: NOTE
Examples with CPU (user + system) or elapsed time > 5s
user system elapsed
tdgraph 4.498 0.203 6.828
Flavor: r-devel-linux-x86_64-debian-clang