Last updated on 2025-04-30 04:50:01 CEST.
Flavor | Version | Tinstall | Tcheck | Ttotal | Status | Flags |
---|---|---|---|---|---|---|
r-devel-linux-x86_64-debian-clang | 2.2.13 | 217.67 | 67.57 | 285.24 | NOTE | |
r-devel-linux-x86_64-debian-gcc | 2.2.13 | 190.87 | 64.13 | 255.00 | NOTE | |
r-devel-linux-x86_64-fedora-clang | 2.2.13 | 414.61 | OK | |||
r-devel-linux-x86_64-fedora-gcc | 2.2.13 | 570.39 | OK | |||
r-devel-windows-x86_64 | 2.2.13 | 194.00 | 124.00 | 318.00 | OK | |
r-patched-linux-x86_64 | 2.2.13 | 257.73 | 87.64 | 345.37 | NOTE | |
r-release-linux-x86_64 | 2.2.13 | 254.18 | 86.57 | 340.75 | NOTE | |
r-release-macos-arm64 | 2.2.13 | 134.00 | OK | |||
r-release-macos-x86_64 | 2.2.13 | 282.00 | OK | |||
r-release-windows-x86_64 | 2.2.13 | 197.00 | 117.00 | 314.00 | OK | |
r-oldrel-macos-arm64 | 2.2.13 | 112.00 | NOTE | |||
r-oldrel-macos-x86_64 | 2.2.13 | 297.00 | NOTE | |||
r-oldrel-windows-x86_64 | 2.2.13 | 227.00 | 137.00 | 364.00 | OK |
Version: 2.2.13
Check: for unstated dependencies in ‘demo’
Result: NOTE
'data(package=)' call not declared from: ‘NAM’
Flavors: r-devel-linux-x86_64-debian-clang, r-devel-linux-x86_64-debian-gcc, r-patched-linux-x86_64, r-release-linux-x86_64
Version: 2.2.13
Check: installed package size
Result: NOTE
installed size is 129.4Mb
sub-directories of 1Mb or more:
libs 129.0Mb
Flavors: r-oldrel-macos-arm64, r-oldrel-macos-x86_64