Last updated on 2025-04-30 04:50:00 CEST.
Flavor | Version | Tinstall | Tcheck | Ttotal | Status | Flags |
---|---|---|---|---|---|---|
r-devel-linux-x86_64-debian-clang | 2.1.3 | 14.31 | 170.14 | 184.45 | OK | |
r-devel-linux-x86_64-debian-gcc | 2.1.3 | 10.53 | 118.72 | 129.25 | OK | |
r-devel-linux-x86_64-fedora-clang | 2.1.3 | 277.77 | OK | |||
r-devel-linux-x86_64-fedora-gcc | 2.1.3 | 283.47 | OK | |||
r-devel-windows-x86_64 | 2.1.3 | 18.00 | 189.00 | 207.00 | OK | |
r-patched-linux-x86_64 | 2.1.3 | 16.08 | 160.67 | 176.75 | OK | |
r-release-linux-x86_64 | 2.1.3 | 15.43 | 159.33 | 174.76 | OK | |
r-release-macos-arm64 | 2.1.3 | 87.00 | OK | |||
r-release-macos-x86_64 | 2.1.3 | 163.00 | OK | |||
r-release-windows-x86_64 | 2.1.3 | 19.00 | 199.00 | 218.00 | OK | |
r-oldrel-macos-arm64 | 2.1.3 | 97.00 | NOTE | |||
r-oldrel-macos-x86_64 | 2.1.3 | 171.00 | NOTE | |||
r-oldrel-windows-x86_64 | 2.1.3 | 21.00 | 228.00 | 249.00 | NOTE |
Version: 2.1.3
Check: installed package size
Result: NOTE
installed size is 7.7Mb
sub-directories of 1Mb or more:
doc 4.3Mb
help 2.2Mb
Flavors: r-oldrel-macos-arm64, r-oldrel-macos-x86_64, r-oldrel-windows-x86_64