CRAN Package Check Results for Package babel

Last updated on 2025-04-30 04:50:00 CEST.

Flavor Version Tinstall Tcheck Ttotal Status Flags
r-devel-linux-x86_64-debian-clang 0.3-0 3.87 177.01 180.88 NOTE
r-devel-linux-x86_64-debian-gcc 0.3-0 2.68 129.73 132.41 NOTE
r-devel-linux-x86_64-fedora-clang 0.3-0 296.61 OK
r-devel-linux-x86_64-fedora-gcc 0.3-0 306.40 OK
r-devel-windows-x86_64 0.3-0 4.00 70.00 74.00 OK --no-vignettes
r-patched-linux-x86_64 0.3-0 3.69 176.15 179.84 OK
r-release-linux-x86_64 0.3-0 3.54 176.83 180.37 OK
r-release-macos-arm64 0.3-0 144.00 OK
r-release-macos-x86_64 0.3-0 295.00 OK
r-release-windows-x86_64 0.3-0 4.00 70.00 74.00 OK --no-vignettes
r-oldrel-macos-arm64 0.3-0 134.00 OK
r-oldrel-macos-x86_64 0.3-0 220.00 OK
r-oldrel-windows-x86_64 0.3-0 4.00 76.00 80.00 OK --no-vignettes

Check Details

Version: 0.3-0
Check: CRAN incoming feasibility
Result: NOTE Maintainer: ‘Adam B. Olshen <adam.olshen@ucsf.edu>’ No Authors@R field in DESCRIPTION. Please add one, modifying Authors@R: c(person(given = c("Adam", "B."), family = "Olshen", role = c("aut", "cre"), email = "adam.olshen@ucsf.edu"), person(given = c("Richard", "A."), family = "Olshen", role = "aut"), person(given = c("Barry", "S."), family = "Taylor", role = "aut")) as necessary. Flavors: r-devel-linux-x86_64-debian-clang, r-devel-linux-x86_64-debian-gcc