Last updated on 2025-04-30 04:50:00 CEST.
Flavor | Version | Tinstall | Tcheck | Ttotal | Status | Flags |
---|---|---|---|---|---|---|
r-devel-linux-x86_64-debian-clang | 0.1.6 | 63.02 | 353.55 | 416.57 | NOTE | |
r-devel-linux-x86_64-debian-gcc | 0.1.6 | 46.55 | 232.77 | 279.32 | NOTE | |
r-devel-linux-x86_64-fedora-clang | 0.1.6 | 678.39 | OK | |||
r-devel-linux-x86_64-fedora-gcc | 0.1.6 | 667.89 | OK | |||
r-devel-windows-x86_64 | 0.1.6 | 81.00 | 459.00 | 540.00 | OK | |
r-patched-linux-x86_64 | 0.1.6 | 63.36 | 334.06 | 397.42 | OK | |
r-release-linux-x86_64 | 0.1.6 | 62.06 | 334.91 | 396.97 | OK | |
r-release-macos-arm64 | 0.1.6 | 200.00 | OK | |||
r-release-macos-x86_64 | 0.1.6 | 413.00 | OK | |||
r-release-windows-x86_64 | 0.1.6 | 82.00 | 461.00 | 543.00 | OK | |
r-oldrel-macos-arm64 | 0.1.6 | 176.00 | NOTE | |||
r-oldrel-macos-x86_64 | 0.1.6 | 340.00 | NOTE | |||
r-oldrel-windows-x86_64 | 0.1.6 | 96.00 | 593.00 | 689.00 | NOTE |
Version: 0.1.6
Check: examples
Result: NOTE
Examples with CPU (user + system) or elapsed time > 5s
user system elapsed
babelBpopIdx 3.669 0.568 6.215
Flavor: r-devel-linux-x86_64-debian-clang
Version: 0.1.6
Check: examples
Result: NOTE
Examples with CPU (user + system) or elapsed time > 5s
user system elapsed
babelBpopIdx 2.771 0.631 5.169
Flavor: r-devel-linux-x86_64-debian-gcc
Version: 0.1.6
Check: package dependencies
Result: NOTE
Package suggested but not available for checking: ‘lixoftConnectors’
Flavors: r-oldrel-macos-arm64, r-oldrel-macos-x86_64, r-oldrel-windows-x86_64