CRAN Package Check Results for Package babelwhale

Last updated on 2025-04-30 04:50:00 CEST.

Flavor Version Tinstall Tcheck Ttotal Status Flags
r-devel-linux-x86_64-debian-clang 1.2.0 9.37 76.58 85.95 NOTE
r-devel-linux-x86_64-debian-gcc 1.2.0 5.86 55.56 61.42 NOTE
r-devel-linux-x86_64-fedora-clang 1.2.0 150.28 OK
r-devel-linux-x86_64-fedora-gcc 1.2.0 140.05 OK
r-devel-windows-x86_64 1.2.0 11.00 89.00 100.00 OK
r-patched-linux-x86_64 1.2.0 9.02 72.15 81.17 OK
r-release-linux-x86_64 1.2.0 6.73 72.29 79.02 OK
r-release-macos-arm64 1.2.0 40.00 OK
r-release-macos-x86_64 1.2.0 72.00 OK
r-release-windows-x86_64 1.2.0 10.00 86.00 96.00 OK
r-oldrel-macos-arm64 1.2.0 39.00 OK
r-oldrel-macos-x86_64 1.2.0 63.00 OK
r-oldrel-windows-x86_64 1.2.0 12.00 104.00 116.00 OK

Check Details

Version: 1.2.0
Check: DESCRIPTION meta-information
Result: NOTE Author field differs from that derived from Authors@R Author: ‘Robrecht Cannoodt [aut, cre] (<https://orcid.org/0000-0003-3641-729X>, rcannood), Wouter Saelens [aut] (<https://orcid.org/0000-0002-7114-6248>, zouter), Joel Nitta [aut] (<https://orcid.org/0000-0003-4719-7472>, joelnitta)’ Authors@R: ‘Robrecht Cannoodt [aut, cre] (ORCID: <https://orcid.org/0000-0003-3641-729X>, github: rcannood), Wouter Saelens [aut] (ORCID: <https://orcid.org/0000-0002-7114-6248>, github: zouter), Joel Nitta [aut] (ORCID: <https://orcid.org/0000-0003-4719-7472>, github: joelnitta)’ Flavors: r-devel-linux-x86_64-debian-clang, r-devel-linux-x86_64-debian-gcc