CRAN Package Check Results for Package backbone

Last updated on 2025-02-21 03:52:07 CET.

Flavor Version Tinstall Tcheck Ttotal Status Flags
r-devel-linux-x86_64-debian-clang 2.1.4 15.30 58.55 73.85 NOTE
r-devel-linux-x86_64-debian-gcc 2.1.4 9.29 42.36 51.65 NOTE
r-devel-linux-x86_64-fedora-clang 2.1.4 125.33 OK
r-devel-linux-x86_64-fedora-gcc 2.1.4 129.86 OK
r-devel-macos-arm64 2.1.4 42.00 OK
r-devel-macos-x86_64 2.1.4 76.00 OK
r-devel-windows-x86_64 2.1.4 19.00 106.00 125.00 NOTE
r-patched-linux-x86_64 2.1.4 18.65 55.17 73.82 OK
r-release-linux-x86_64 2.1.4 14.26 55.32 69.58 OK
r-release-macos-arm64 2.1.4 44.00 OK
r-release-macos-x86_64 2.1.4 95.00 OK
r-release-windows-x86_64 2.1.4 18.00 98.00 116.00 OK
r-oldrel-macos-arm64 2.1.4 47.00 OK
r-oldrel-macos-x86_64 2.1.4 93.00 OK
r-oldrel-windows-x86_64 2.1.4 22.00 134.00 156.00 OK

Check Details

Version: 2.1.4
Check: Rd cross-references
Result: NOTE Found the following Rd file(s) with Rd \link{} targets missing package anchors: backbone.suggest.Rd: Matrix, igraph disparity.Rd: Matrix, igraph fdsm.Rd: Matrix, igraph fixedcol.Rd: Matrix, igraph fixedfill.Rd: Matrix, igraph fixedrow.Rd: Matrix, igraph global.Rd: Matrix, igraph lans.Rd: Matrix, igraph mlf.Rd: Matrix, igraph osdsm.Rd: Matrix, igraph sdsm.Rd: Matrix, igraph sparsify.Rd: Matrix, igraph sparsify.with.geometric.Rd: Matrix, igraph sparsify.with.gspar.Rd: Matrix, igraph sparsify.with.hypergeometric.Rd: Matrix, igraph sparsify.with.jaccard.Rd: Matrix, igraph sparsify.with.localdegree.Rd: Matrix, igraph sparsify.with.lspar.Rd: Matrix, igraph sparsify.with.meetmin.Rd: Matrix, igraph sparsify.with.quadrilateral.Rd: Matrix, igraph sparsify.with.simmelian.Rd: Matrix, igraph sparsify.with.skeleton.Rd: Matrix, igraph Please provide package anchors for all Rd \link{} targets not in the package itself and the base packages. Flavors: r-devel-linux-x86_64-debian-clang, r-devel-linux-x86_64-debian-gcc, r-devel-windows-x86_64