Last updated on 2025-04-30 04:50:00 CEST.
Flavor | Version | Tinstall | Tcheck | Ttotal | Status | Flags |
---|---|---|---|---|---|---|
r-devel-linux-x86_64-debian-clang | 0.7.8 | 643.43 | 279.99 | 923.42 | NOTE | |
r-devel-linux-x86_64-debian-gcc | 0.7.8 | 594.61 | 242.42 | 837.03 | NOTE | |
r-devel-linux-x86_64-fedora-clang | 0.7.8 | 1384.35 | OK | |||
r-devel-linux-x86_64-fedora-gcc | 0.7.8 | 1928.58 | OK | |||
r-devel-windows-x86_64 | 0.7.8 | 693.00 | 374.00 | 1067.00 | NOTE | |
r-patched-linux-x86_64 | 0.7.8 | 743.43 | 334.97 | 1078.40 | NOTE | |
r-release-linux-x86_64 | 0.7.8 | 771.46 | 334.64 | 1106.10 | NOTE | |
r-release-macos-arm64 | 0.7.8 | 383.00 | OK | |||
r-release-macos-x86_64 | 0.7.8 | 510.00 | OK | |||
r-release-windows-x86_64 | 0.7.8 | 673.00 | 373.00 | 1046.00 | NOTE | |
r-oldrel-macos-arm64 | 0.7.8 | 204.00 | NOTE | |||
r-oldrel-macos-x86_64 | 0.7.8 | 245.00 | NOTE | |||
r-oldrel-windows-x86_64 | 0.7.8 | 742.00 | 486.00 | 1228.00 | NOTE |
Version: 0.7.8
Check: Rd cross-references
Result: NOTE
Found the following Rd file(s) with Rd \link{} targets missing package
anchors:
forest_plot.Rd: forestplot
Please provide package anchors for all Rd \link{} targets not in the
package itself and the base packages.
Flavors: r-devel-linux-x86_64-debian-clang, r-devel-linux-x86_64-debian-gcc, r-devel-windows-x86_64, r-patched-linux-x86_64, r-release-linux-x86_64, r-release-windows-x86_64
Version: 0.7.8
Check: examples
Result: NOTE
Examples with CPU (user + system) or elapsed time > 5s
user system elapsed
baggr_plot 4.368 0.095 6.928
Flavor: r-devel-linux-x86_64-debian-clang
Version: 0.7.8
Check: installed package size
Result: NOTE
installed size is 126.5Mb
sub-directories of 1Mb or more:
libs 124.7Mb
Flavors: r-oldrel-macos-arm64, r-oldrel-macos-x86_64, r-oldrel-windows-x86_64
Version: 0.7.8
Check: for GNU extensions in Makefiles
Result: NOTE
GNU make is a SystemRequirements.
Flavors: r-oldrel-macos-arm64, r-oldrel-macos-x86_64