Last updated on 2025-04-30 04:50:00 CEST.
Flavor | Version | Tinstall | Tcheck | Ttotal | Status | Flags |
---|---|---|---|---|---|---|
r-devel-linux-x86_64-debian-clang | 0.2.11 | 8.04 | 401.53 | 409.57 | NOTE | |
r-devel-linux-x86_64-debian-gcc | 0.2.11 | 5.24 | 185.14 | 190.38 | NOTE | |
r-devel-linux-x86_64-fedora-clang | 0.2.11 | 419.30 | OK | |||
r-devel-linux-x86_64-fedora-gcc | 0.2.11 | 427.02 | OK | |||
r-devel-windows-x86_64 | 0.2.11 | 9.00 | 416.00 | 425.00 | OK | |
r-patched-linux-x86_64 | 0.2.11 | 7.93 | 229.44 | 237.37 | OK | |
r-release-linux-x86_64 | 0.2.11 | 6.39 | 229.17 | 235.56 | OK | |
r-release-macos-arm64 | 0.2.11 | 198.00 | OK | |||
r-release-macos-x86_64 | 0.2.11 | 353.00 | OK | |||
r-release-windows-x86_64 | 0.2.11 | 11.00 | 424.00 | 435.00 | OK | |
r-oldrel-macos-arm64 | 0.2.11 | 193.00 | OK | |||
r-oldrel-macos-x86_64 | 0.2.11 | 423.00 | OK | |||
r-oldrel-windows-x86_64 | 0.2.11 | 13.00 | 502.00 | 515.00 | OK |
Version: 0.2.11
Check: CRAN incoming feasibility
Result: NOTE
Maintainer: ‘Caspar J van Lissa <c.j.vanlissa@tilburguniversity.edu>’
The BugReports field in DESCRIPTION has
https://github.com/cjvanlissa/bain/
which should likely be
https://github.com/cjvanlissa/bain/issues
instead.
Flavors: r-devel-linux-x86_64-debian-clang, r-devel-linux-x86_64-debian-gcc