CRAN Package Check Results for Package bakR

Last updated on 2025-04-30 04:50:00 CEST.

Flavor Version Tinstall Tcheck Ttotal Status Flags
r-devel-linux-x86_64-debian-clang 1.0.1 625.54 483.46 1109.00 OK
r-devel-linux-x86_64-debian-gcc 1.0.1 587.10 384.69 971.79 OK
r-devel-linux-x86_64-fedora-clang 1.0.1 1817.54 NOTE
r-devel-linux-x86_64-fedora-gcc 1.0.1 2114.80 NOTE
r-devel-windows-x86_64 1.0.1 654.00 536.00 1190.00 OK
r-patched-linux-x86_64 1.0.1 710.51 514.91 1225.42 OK
r-release-linux-x86_64 1.0.1 706.35 522.64 1228.99 OK
r-release-macos-arm64 1.0.1 458.00 OK
r-release-macos-x86_64 1.0.1 598.00 OK
r-release-windows-x86_64 1.0.1 629.00 524.00 1153.00 OK
r-oldrel-macos-arm64 1.0.1 241.00 NOTE
r-oldrel-macos-x86_64 1.0.1 282.00 NOTE
r-oldrel-windows-x86_64 1.0.1 699.00 692.00 1391.00 NOTE

Check Details

Version: 1.0.1
Check: dependencies in R code
Result: NOTE Namespaces in Imports field not imported from: ‘RcppParallel’ ‘rstantools’ All declared Imports should be used. Flavors: r-devel-linux-x86_64-fedora-clang, r-devel-linux-x86_64-fedora-gcc

Version: 1.0.1
Check: installed package size
Result: NOTE installed size is 103.3Mb sub-directories of 1Mb or more: libs 101.5Mb Flavors: r-oldrel-macos-arm64, r-oldrel-macos-x86_64, r-oldrel-windows-x86_64

Version: 1.0.1
Check: for GNU extensions in Makefiles
Result: NOTE GNU make is a SystemRequirements. Flavors: r-oldrel-macos-arm64, r-oldrel-macos-x86_64