CRAN Package Check Results for Package bamm

Last updated on 2025-04-30 04:50:00 CEST.

Flavor Version Tinstall Tcheck Ttotal Status Flags
r-devel-linux-x86_64-debian-clang 0.5.0 63.13 453.65 516.78 OK
r-devel-linux-x86_64-debian-gcc 0.5.0 42.12 272.23 314.35 OK
r-devel-linux-x86_64-fedora-clang 0.5.0 825.02 NOTE
r-devel-linux-x86_64-fedora-gcc 0.5.0 807.02 NOTE
r-devel-windows-x86_64 0.5.0 62.00 445.00 507.00 OK
r-patched-linux-x86_64 0.5.0 61.14 413.98 475.12 OK
r-release-linux-x86_64 0.5.0 54.99 405.40 460.39 OK
r-release-macos-arm64 0.5.0 236.00 OK
r-release-macos-x86_64 0.5.0 769.00 OK
r-release-windows-x86_64 0.5.0 62.00 443.00 505.00 OK
r-oldrel-macos-arm64 0.5.0 244.00 OK
r-oldrel-macos-x86_64 0.5.0 711.00 OK
r-oldrel-windows-x86_64 0.5.0 79.00 624.00 703.00 OK

Check Details

Version: 0.5.0
Check: dependencies in R code
Result: NOTE Namespaces in Imports field not imported from: ‘crosstalk’ ‘plotly’ All declared Imports should be used. Flavors: r-devel-linux-x86_64-fedora-clang, r-devel-linux-x86_64-fedora-gcc