Last updated on 2025-04-30 04:50:00 CEST.
Flavor | Version | Tinstall | Tcheck | Ttotal | Status | Flags |
---|---|---|---|---|---|---|
r-devel-linux-x86_64-debian-clang | 1.0.0 | 3.20 | 272.39 | 275.59 | NOTE | |
r-devel-linux-x86_64-debian-gcc | 1.0.0 | 2.34 | 166.47 | 168.81 | OK | |
r-devel-linux-x86_64-fedora-clang | 1.0.0 | 469.48 | OK | |||
r-devel-linux-x86_64-fedora-gcc | 1.0.0 | 544.68 | OK | |||
r-devel-windows-x86_64 | 1.0.0 | 4.00 | 335.00 | 339.00 | OK | |
r-patched-linux-x86_64 | 1.0.0 | 3.52 | 277.61 | 281.13 | OK | |
r-release-linux-x86_64 | 1.0.0 | 3.33 | 270.39 | 273.72 | OK | |
r-release-macos-arm64 | 1.0.0 | 334.00 | OK | |||
r-release-macos-x86_64 | 1.0.0 | 447.00 | OK | |||
r-release-windows-x86_64 | 1.0.0 | 7.00 | 353.00 | 360.00 | OK | |
r-oldrel-macos-arm64 | 1.0.0 | 136.00 | OK | |||
r-oldrel-macos-x86_64 | 1.0.0 | 394.00 | OK | |||
r-oldrel-windows-x86_64 | 1.0.0 | 6.00 | 411.00 | 417.00 | OK |
Version: 1.0.0
Check: examples
Result: NOTE
Examples with CPU (user + system) or elapsed time > 5s
user system elapsed
plot_cumulative_assignment 5.272 0.148 7.649
run_experiment 3.752 0.019 5.232
Flavor: r-devel-linux-x86_64-debian-clang