CRAN Package Check Results for Package bangladesh

Last updated on 2025-04-30 04:50:00 CEST.

Flavor Version Tinstall Tcheck Ttotal Status Flags
r-devel-linux-x86_64-debian-clang 1.0.0 38.16 310.85 349.01 OK
r-devel-linux-x86_64-debian-gcc 1.0.0 23.16 202.29 225.45 OK
r-devel-linux-x86_64-fedora-clang 1.0.0 544.94 OK
r-devel-linux-x86_64-fedora-gcc 1.0.0 528.15 OK
r-devel-windows-x86_64 1.0.0 36.00 247.00 283.00 OK
r-patched-linux-x86_64 1.0.0 33.13 288.18 321.31 OK
r-release-linux-x86_64 1.0.0 33.66 288.27 321.93 OK
r-release-macos-arm64 1.0.0 151.00 OK
r-release-macos-x86_64 1.0.0 281.00 OK
r-release-windows-x86_64 1.0.0 35.00 248.00 283.00 OK
r-oldrel-macos-arm64 1.0.0 132.00 NOTE
r-oldrel-macos-x86_64 1.0.0 227.00 NOTE
r-oldrel-windows-x86_64 1.0.0 49.00 345.00 394.00 NOTE

Check Details

Version: 1.0.0
Check: installed package size
Result: NOTE installed size is 5.7Mb sub-directories of 1Mb or more: data 4.9Mb Flavors: r-oldrel-macos-arm64, r-oldrel-macos-x86_64, r-oldrel-windows-x86_64