CRAN Package Check Results for Package banter

Last updated on 2025-04-30 04:50:00 CEST.

Flavor Version Tinstall Tcheck Ttotal Status Flags
r-devel-linux-x86_64-debian-clang 0.9.6 5.31 55.53 60.84 NOTE
r-devel-linux-x86_64-debian-gcc 0.9.6 2.61 40.26 42.87 NOTE
r-devel-linux-x86_64-fedora-clang 0.9.6 96.51 OK
r-devel-linux-x86_64-fedora-gcc 0.9.6 88.65 OK
r-devel-windows-x86_64 0.9.6 8.00 80.00 88.00 NOTE
r-patched-linux-x86_64 0.9.6 4.48 51.55 56.03 NOTE
r-release-linux-x86_64 0.9.6 4.61 53.24 57.85 NOTE
r-release-macos-arm64 0.9.6 35.00 OK
r-release-macos-x86_64 0.9.6 59.00 OK
r-release-windows-x86_64 0.9.6 7.00 79.00 86.00 NOTE
r-oldrel-macos-arm64 0.9.6 33.00 OK
r-oldrel-macos-x86_64 0.9.6 47.00 OK
r-oldrel-windows-x86_64 0.9.6 8.00 91.00 99.00 OK

Check Details

Version: 0.9.6
Check: Rd cross-references
Result: NOTE Found the following Rd file(s) with Rd \link{} targets missing package anchors: getBanterModel.Rd: randomForest Please provide package anchors for all Rd \link{} targets not in the package itself and the base packages. Flavors: r-devel-linux-x86_64-debian-clang, r-devel-linux-x86_64-debian-gcc, r-devel-windows-x86_64, r-patched-linux-x86_64, r-release-linux-x86_64, r-release-windows-x86_64