Last updated on 2025-04-30 04:50:00 CEST.
Flavor | Version | Tinstall | Tcheck | Ttotal | Status | Flags |
---|---|---|---|---|---|---|
r-devel-linux-x86_64-debian-clang | 1.6.0 | 21.05 | 139.77 | 160.82 | NOTE | |
r-devel-linux-x86_64-debian-gcc | 1.6.0 | 12.15 | 91.10 | 103.25 | NOTE | |
r-devel-linux-x86_64-fedora-clang | 1.6.0 | 229.73 | NOTE | |||
r-devel-linux-x86_64-fedora-gcc | 1.6.0 | 219.18 | NOTE | |||
r-devel-windows-x86_64 | 1.6.0 | 24.00 | 172.00 | 196.00 | NOTE | |
r-patched-linux-x86_64 | 1.6.0 | 22.50 | 126.52 | 149.02 | NOTE | |
r-release-linux-x86_64 | 1.6.0 | 16.28 | 125.51 | 141.79 | NOTE | |
r-release-macos-arm64 | 1.6.0 | 58.00 | NOTE | |||
r-release-macos-x86_64 | 1.6.0 | 110.00 | NOTE | |||
r-release-windows-x86_64 | 1.6.0 | 24.00 | 167.00 | 191.00 | NOTE | |
r-oldrel-macos-arm64 | 1.6.0 | 40.00 | OK | |||
r-oldrel-macos-x86_64 | 1.6.0 | 66.00 | OK | |||
r-oldrel-windows-x86_64 | 1.6.0 | 30.00 | 203.00 | 233.00 | OK |
Version: 1.6.0
Check: DESCRIPTION meta-information
Result: NOTE
Missing dependency on R >= 4.1.0 because package code uses the pipe
|> or function shorthand \(...) syntax added in R 4.1.0.
File(s) using such syntax:
‘chadwick_installation.R’
Flavors: r-devel-linux-x86_64-debian-clang, r-devel-linux-x86_64-debian-gcc, r-devel-linux-x86_64-fedora-clang, r-devel-linux-x86_64-fedora-gcc, r-devel-windows-x86_64, r-patched-linux-x86_64, r-release-linux-x86_64, r-release-macos-arm64, r-release-macos-x86_64, r-release-windows-x86_64