Last updated on 2025-04-30 04:50:00 CEST.
Flavor | Version | Tinstall | Tcheck | Ttotal | Status | Flags |
---|---|---|---|---|---|---|
r-devel-linux-x86_64-debian-clang | 0.2.0 | 5.61 | 56.70 | 62.31 | OK | |
r-devel-linux-x86_64-debian-gcc | 0.2.0 | 3.94 | 40.75 | 44.69 | OK | |
r-devel-linux-x86_64-fedora-clang | 0.2.0 | 97.36 | OK | |||
r-devel-linux-x86_64-fedora-gcc | 0.2.0 | 97.63 | OK | |||
r-devel-windows-x86_64 | 0.2.0 | 6.00 | 68.00 | 74.00 | OK | |
r-patched-linux-x86_64 | 0.2.0 | 4.92 | 55.69 | 60.61 | OK | |
r-release-linux-x86_64 | 0.2.0 | 4.84 | 54.18 | 59.02 | OK | |
r-release-macos-arm64 | 0.2.0 | 53.00 | OK | |||
r-release-macos-x86_64 | 0.2.0 | 57.00 | OK | |||
r-release-windows-x86_64 | 0.2.0 | 6.00 | 69.00 | 75.00 | OK | |
r-oldrel-macos-arm64 | 0.2.0 | 30.00 | NOTE | |||
r-oldrel-macos-x86_64 | 0.2.0 | 43.00 | NOTE | |||
r-oldrel-windows-x86_64 | 0.2.0 | 8.00 | 81.00 | 89.00 | NOTE |
Version: 0.2.0
Check: LazyData
Result: NOTE
'LazyData' is specified without a 'data' directory
Flavors: r-oldrel-macos-arm64, r-oldrel-macos-x86_64, r-oldrel-windows-x86_64