Last updated on 2025-04-30 04:50:00 CEST.
Flavor | Version | Tinstall | Tcheck | Ttotal | Status | Flags |
---|---|---|---|---|---|---|
r-devel-linux-x86_64-debian-clang | 1.0.1 | 25.73 | 716.16 | 741.89 | NOTE | |
r-devel-linux-x86_64-debian-gcc | 1.0.1 | 16.47 | 374.00 | 390.47 | OK | |
r-devel-linux-x86_64-fedora-clang | 1.0.1 | 1289.85 | NOTE | |||
r-devel-linux-x86_64-fedora-gcc | 1.0.1 | 1200.31 | NOTE | |||
r-devel-windows-x86_64 | 1.0.1 | 33.00 | 576.00 | 609.00 | OK | |
r-patched-linux-x86_64 | 1.0.1 | 25.20 | 658.44 | 683.64 | OK | |
r-release-linux-x86_64 | 1.0.1 | 23.14 | 653.17 | 676.31 | OK | |
r-release-macos-arm64 | 1.0.1 | 320.00 | OK | |||
r-release-macos-x86_64 | 1.0.1 | 595.00 | OK | |||
r-release-windows-x86_64 | 1.0.1 | 32.00 | 591.00 | 623.00 | OK | |
r-oldrel-macos-arm64 | 1.0.1 | 248.00 | OK | |||
r-oldrel-macos-x86_64 | 1.0.1 | 442.00 | OK | |||
r-oldrel-windows-x86_64 | 1.0.1 | 34.00 | 849.00 | 883.00 | OK |
Version: 1.0.1
Check: examples
Result: NOTE
Examples with CPU (user + system) or elapsed time > 5s
user system elapsed
interim_posterior 4.120 0.000 5.654
check_mon_between 4.041 0.062 5.066
Flavor: r-devel-linux-x86_64-debian-clang
Version: 1.0.1
Check: dependencies in R code
Result: NOTE
Namespace in Imports field not imported from: ‘ggplot2’
All declared Imports should be used.
Flavors: r-devel-linux-x86_64-fedora-clang, r-devel-linux-x86_64-fedora-gcc