Last updated on 2025-04-30 04:50:00 CEST.
Flavor | Version | Tinstall | Tcheck | Ttotal | Status | Flags |
---|---|---|---|---|---|---|
r-devel-linux-x86_64-debian-clang | 0.1.1 | 1.64 | 16.59 | 18.23 | NOTE | |
r-devel-linux-x86_64-debian-gcc | 0.1.1 | 1.35 | 14.06 | 15.41 | NOTE | |
r-devel-linux-x86_64-fedora-clang | 0.1.1 | 28.81 | OK | |||
r-devel-linux-x86_64-fedora-gcc | 0.1.1 | 27.61 | OK | |||
r-devel-windows-x86_64 | 0.1.1 | 3.00 | 41.00 | 44.00 | OK | |
r-patched-linux-x86_64 | 0.1.1 | 1.67 | 16.13 | 17.80 | OK | |
r-release-linux-x86_64 | 0.1.1 | 1.66 | 16.22 | 17.88 | OK | |
r-release-macos-arm64 | 0.1.1 | 14.00 | OK | |||
r-release-macos-x86_64 | 0.1.1 | 21.00 | OK | |||
r-release-windows-x86_64 | 0.1.1 | 2.00 | 38.00 | 40.00 | OK | |
r-oldrel-macos-arm64 | 0.1.1 | 17.00 | OK | |||
r-oldrel-macos-x86_64 | 0.1.1 | 19.00 | OK | |||
r-oldrel-windows-x86_64 | 0.1.1 | 3.00 | 39.00 | 42.00 | OK |
Version: 0.1.1
Check: CRAN incoming feasibility
Result: NOTE
Maintainer: ‘Chunqiao Luo <chunqiaoluo@gmail.com>’
Package CITATION file contains call(s) to old-style citEntry(). Please
use bibentry() instead.
Flavors: r-devel-linux-x86_64-debian-clang, r-devel-linux-x86_64-debian-gcc