Last updated on 2025-04-30 04:50:00 CEST.
Flavor | Version | Tinstall | Tcheck | Ttotal | Status | Flags |
---|---|---|---|---|---|---|
r-devel-linux-x86_64-debian-clang | 2.0 | 23.86 | 40.56 | 64.42 | NOTE | |
r-devel-linux-x86_64-debian-gcc | 2.0 | 15.90 | 29.26 | 45.16 | NOTE | |
r-devel-linux-x86_64-fedora-clang | 2.0 | 107.79 | NOTE | |||
r-devel-linux-x86_64-fedora-gcc | 2.0 | 104.18 | NOTE | |||
r-devel-windows-x86_64 | 2.0 | 29.00 | 82.00 | 111.00 | NOTE | |
r-patched-linux-x86_64 | 2.0 | 24.82 | 39.24 | 64.06 | NOTE | |
r-release-linux-x86_64 | 2.0 | 20.92 | 38.30 | 59.22 | NOTE | |
r-release-macos-arm64 | 2.0 | 32.00 | NOTE | |||
r-release-macos-x86_64 | 2.0 | 55.00 | NOTE | |||
r-release-windows-x86_64 | 2.0 | 28.00 | 83.00 | 111.00 | NOTE | |
r-oldrel-macos-arm64 | 2.0 | 30.00 | NOTE | |||
r-oldrel-macos-x86_64 | 2.0 | 50.00 | NOTE | |||
r-oldrel-windows-x86_64 | 2.0 | 32.00 | 98.00 | 130.00 | NOTE |
Version: 2.0
Check: C++ specification
Result: NOTE
Specified C++11: please drop specification unless essential
Flavors: r-devel-linux-x86_64-debian-clang, r-devel-linux-x86_64-debian-gcc, r-devel-linux-x86_64-fedora-clang, r-devel-linux-x86_64-fedora-gcc, r-devel-windows-x86_64, r-patched-linux-x86_64, r-release-linux-x86_64, r-release-macos-arm64, r-release-macos-x86_64, r-release-windows-x86_64, r-oldrel-macos-arm64, r-oldrel-macos-x86_64, r-oldrel-windows-x86_64
Version: 2.0
Check: examples
Result: NOTE
Examples with CPU (user + system) or elapsed time > 5s
user system elapsed
plotDelDist 4.358 0.169 6.167
plotObj 4.137 0.049 5.708
plotTrace 4.133 0.043 5.563
Flavor: r-devel-linux-x86_64-debian-clang