Last updated on 2025-02-22 05:51:29 CET.
Flavor | Version | Tinstall | Tcheck | Ttotal | Status | Flags |
---|---|---|---|---|---|---|
r-devel-linux-x86_64-debian-clang | 2.1.10 | 2.92 | 25.93 | 28.85 | OK | |
r-devel-linux-x86_64-debian-gcc | 2.1.10 | 2.62 | 19.27 | 21.89 | OK | |
r-devel-linux-x86_64-fedora-clang | 2.1.10 | 45.65 | OK | |||
r-devel-linux-x86_64-fedora-gcc | 2.1.10 | 44.30 | OK | |||
r-devel-macos-arm64 | 2.1.10 | 24.00 | OK | |||
r-devel-macos-x86_64 | 2.1.10 | 34.00 | OK | |||
r-devel-windows-x86_64 | 2.1.10 | 6.00 | 56.00 | 62.00 | OK | |
r-patched-linux-x86_64 | 2.1.10 | 3.10 | 25.00 | 28.10 | OK | |
r-release-linux-x86_64 | 2.1.10 | 2.76 | 24.59 | 27.35 | OK | |
r-release-macos-arm64 | 2.1.10 | 26.00 | OK | |||
r-release-macos-x86_64 | 2.1.10 | 28.00 | OK | |||
r-release-windows-x86_64 | 2.1.10 | 5.00 | 57.00 | 62.00 | OK | |
r-oldrel-macos-arm64 | 2.1.10 | 24.00 | OK | |||
r-oldrel-macos-x86_64 | 2.1.10 | 34.00 | NOTE | |||
r-oldrel-windows-x86_64 | 2.1.10 | 6.00 | 57.00 | 63.00 | OK |
Version: 2.1.10
Check: Rd cross-references
Result: NOTE
Package unavailable to check Rd xrefs: ‘fGarch’
Flavor: r-oldrel-macos-x86_64